n z(7) is divided by d?
14
Let n(s) = 2*s**2 + s + 3. Let a be n(-3). Let v(q) = -2*q**3 + 2*q**2 + 3*q - 3. Let p be v(2). Let l = p + a. Calculate the remainder when 25 is divided by l.
12
Suppose -5*n - 113 = -2*d, -4*n = 2*d + 105 - 263. Suppose 3*y - 3*i - d = 0, -2 = -3*i + 2*i. Calculate the remainder when 49 is divided by y.
24
Suppose -3*k = 5*n - 106, -4*k + 3*n - 61 + 212 = 0. Let w = k + -20. Suppose -7*q + 47 = -16. What is the remainder when w is divided by q?
8
Let d(i) = -2*i - 5. Suppose -2*z = -4*z - 2*j + 18, 31 = 3*z + 4*j. What is the remainder when d(-7) is divided by z?
4
Let m(b) = b + 13. What is the remainder when ((-22)/(-4) - 4)*16 is divided by m(0)?
11
Suppose 91 = 4*f + 3*m, 3*f + 4*m - 3*m = 62. What is the remainder when f is divided by 11?
8
Suppose -3*w - p + 6 = 0, 3*p + 12 = -p. Suppose 0*z + 84 = w*z. Suppose -5*h + a = -77, 2*h + 4*a + 1 = 23. What is the remainder when z is divided by h?
13
Let s = 14 + 12. Let w = -10 + 24. What is the remainder when s is divided by w?
12
Let a(u) = u**2 + 5*u - 1. Let i be a(-6). Suppose j - i*j + 172 = 0. Let d = -31 + j. What is the remainder when 33 is divided by d?
9
Calculate the remainder when 5/(-1) + (-896)/(-14) is divided by 9.
5
Calculate the remainder when (2 + -4)/((-6)/69) is divided by 13.
10
Let h(r) = -2*r - 2 + 5*r**2 - 3*r + 0 + 4*r. What is the remainder when h(2) is divided by 6?
4
Suppose -4*o + 275 = 51. Calculate the remainder when o is divided by 19.
18
Suppose 2*j + 2*b = 7*b + 5, -22 = -5*j + 3*b. Suppose -3*k + j = 2*k. Calculate the remainder when k is divided by 3/3*3 - 2.
0
Let d(j) = j**2 + 7*j + 9. Calculate the remainder when d(11) is divided by 52.
51
Suppose 14*b = 190 + 160. What is the remainder when b is divided by 14?
11
Suppose 3*p + 47 = 11. Let r = 25 + p. Calculate the remainder when 23 is divided by r.
10
Suppose -2*k + 3*k - 4 = 5*a, -29 = -2*k + 3*a. Calculate the remainder when k is divided by 12.
7
Let r be (10/6)/(1/(-6)). Let x be (-396)/54 - (-1)/3. Let b = x - r. What is the remainder when 8 is divided by b?
2
Let l = 0 - -17. What is the remainder when 49 is divided by l?
15
Suppose y - 2*a - 44 = 0, -193 = -y - 4*y + a. What is the remainder when y is divided by 12?
2
Let z(g) = -2*g**3 - 4*g**2 - 2*g + 3. Calculate the remainder when z(-2) is divided by 10*(-1 - 6/(-4)).
2
Suppose 0 = -4*i - 3*j + 383, 4*j - 2 = i - 74. Suppose -i = -3*t + x, t - 30 = -0*x + x. What is the remainder when t is divided by 11?
9
Let w = -61 + 87. Let a be w/(-22) + (-2)/(-11). Calculate the remainder when 19 - a*(-2 - 0) is divided by 6.
5
Let f(g) = 2*g + 3. Let j be f(0). Let h be 4/10 + (-3)/(-5). Suppose -j*x - h = -4*x. Calculate the remainder when x is divided by 1.
0
Suppose -3 = -v + 3. What is the remainder when 28 is divided by v?
4
Suppose 33 = 2*i + i. Suppose 172 = 4*q - r, -q + r + 53 = 7. What is the remainder when q is divided by i?
9
Let l(o) = -o**2 - 11*o - 5. Suppose 2*c + 16 = 2. What is the remainder when l(c) is divided by 8?
7
Suppose -p = 2*p. Suppose -2*g = -w - 7, -2*g - 2*w - w + 27 = p. Suppose -x = -g*x + 35. What is the remainder when 19 is divided by x?
5
What is the remainder when -3 + 1 - 954/(-9) is divided by 35?
34
Let g(n) = -n**2 - 5*n - 3. Let a(k) = k + 6. Let v be a(-5). Calculate the remainder when 15/2 + v/2 is divided by g(-3).
2
Suppose 0*m = -5*m + 70. Suppose -21 = 4*h - 5*k, 3*k + 1 + 4 = -2*h. Let t = m - h. What is the remainder when 53 is divided by t?
17
Let o(u) = u**3 - 16*u**2 + 25. Let q(w) = -w**2 - 4*w + 2. Let d be q(4). Let h = d - -43. What is the remainder when o(16) is divided by h?
12
Suppose -6 = -4*d + 5*d + 2*r, 3*d - 22 = 2*r. Suppose 3*i = -12, d*i + 97 = 3*v - 0*v. What is the remainder when 79 is divided by v?
25
Let j(k) = k**3 + 5*k**2 + 3*k + 2. Let t be j(-2). Suppose 4*s + t = -0*s, 0 = -3*q - 5*s + 2. Let r = q - 0. What is the remainder when 9 is divided by r?
1
Let i(v) = v**2. Suppose 12 + 28 = 5*s. Suppose 7*q + 25 = s*q. What is the remainder when q is divided by i(3)?
7
Let w = -23 + 27. Suppose -25 = -w*g - g. What is the remainder when 18 is divided by g?
3
Let i = -14 - -36. What is the remainder when i is divided by 14?
8
Let s(z) = 3 - 1 - 2*z - 2. What is the remainder when s(-1) is divided by 1?
0
Suppose 0 = i - 2*m, 2*i + m + 0*m = 0. Suppose -b + 3 + 6 = i. Calculate the remainder when 25 is divided by b.
7
Suppose -4 = 2*a + 12. Let o = a - -18. Calculate the remainder when 37 is divided by o.
7
Let i(w) = 2*w**3 - 7*w**2 + 5*w + 2. Let v be i(4). Suppose 0 = -0*a - 2*a + v. What is the remainder when 73 is divided by a?
16
Let k(q) = 7*q**2. What is the remainder when k(2) is divided by 15?
13
Let u = -97 + 127. Calculate the remainder when u is divided by 7.
2
Let h be (-8)/12 - (-34)/6. Suppose -8 = 4*l - b + 7, -h*l - 6 = 3*b. Calculate the remainder when 29 is divided by (-46)/l - (-1)/(-3).
14
Let u(x) = -x**3 - 5*x**2 + 4*x - 1. Let s be u(-5). Let q = 35 + s. What is the remainder when 40 is divided by q?
12
Let t be (-2)/3*(-57)/(-2). Let n = 72 + t. Suppose -x - x + 28 = 0. Calculate the remainder when n is divided by x.
11
Suppose 5*m + 290 = 3*y, 5*y - 502 = -m - 0*m. Suppose -5*l + 0*l + y = 5*v, -2*v = l - 37. Calculate the remainder when v is divided by 6.
5
Suppose 2*d + 312 = 5*d. What is the remainder when d is divided by 21?
20
Suppose -113 = -4*v + 43. What is the remainder when 75 is divided by v?
36
What is the remainder when 2/(-3) - 534/(-18) is divided by 8?
5
Let n(p) = 2*p - 4. Calculate the remainder when 38 is divided by n(6).
6
Suppose -4*z = -78 + 6. Suppose -3*d = -4*d + 18. Suppose 0 = -5*n + 5*q + 70, 3*n - 4 - d = -2*q. What is the remainder when z is divided by n?
8
Let c be ((-72)/60)/((-6)/80). Let i be (-2*1)/(-4)*4. Suppose -p + 2*z + c = 4*z, -i*p + 25 = -3*z. Calculate the remainder when 40 is divided by p.
12
Let x be (-4 - 0)*(-4)/8. Let b be (-56)/(x/(-2)) + 2. Let a = b - 35. What is the remainder when a is divided by 8?
7
Suppose 4*p - 108 - 176 = 0. Calculate the remainder when p is divided by 24.
23
Suppose k = 3 + 5. Let a = k - -1. What is the remainder when 35 is divided by a?
8
What is the remainder when (1/3)/((-9)/(-1593)) is divided by 15?
14
Suppose 0 = 8*n - 3*n - 15. Calculate the remainder when n is divided by 1.
0
Let i(k) = -k**2 + 8*k - 4. Let x be i(7). Suppose 2*q = -x*q + 60. Calculate the remainder when 45 is divided by (6 - q)/(3/(-8)).
13
Let x be 4*(-4)/8*1. What is the remainder when (6 + 19)/((-2)/x) is divided by 2/(8/18)*2?
7
Let w = -26 + 36. Calculate the remainder when 48 is divided by w.
8
Let z(t) = -4 + 3*t - t - 3*t. Let y be z(-8). Suppose 3*p = 5 + y. Calculate the remainder when p is divided by 2.
1
Suppose -h = 4*i - 16, -2*h - 4*i = -4*h + 32. Let s be (-148)/(-18) - (-4)/(-18). Let g = s + 1. What is the remainder when h is divided by g?
7
What is the remainder when 169/4 + ((-4)/(-16))/(-1) is divided by 15?
12
Let i be (3*1)/(9/48). What is the remainder when i - -5 - (-1 + 1) is divided by -2*2/8*-16?
5
Let r(t) = -t**3 + 20*t**2 + 19*t + 83. What is the remainder when 118 is divided by r(21)?
36
Let r(u) = 8*u**2 - 2*u - 14. Calculate the remainder when r(5) is divided by 59.
58
Let h(r) = -7*r. What is the remainder when 19 is divided by h(-1)?
5
Suppose -2*m = -6*m + 8. Suppose m*s = s + 4. Calculate the remainder when 10 is divided by s.
2
Let i(a) be the first derivative of 3*a**2 - a - 2. Suppose 3 = k, 3*k - 15 = -h + k. Calculate the remainder when i(3) is divided by h.
8
Suppose -3*u - 1 = -13. Suppose 0 = -7*b + 3*b + u. Calculate the remainder when 3 is divided by b.
0
Let b(l) = -2*l - 8. Let q = 6 - 12. What is the remainder when (2/4)/(1/22) is divided by b(q)?
3
Suppose j - 9 = 4*b + 10, -2*j - 2*b = -68. What is the remainder when j is divided by 16?
15
Let q = 10 - 8. What is the remainder when q/7 - 458/(-14) is divided by 12?
9
Let p be (-1168)/28 + 2/(-7). Let y be p/(-5) - (-2)/(-5). Suppose -55 = 3*k - y*k. Calculate the remainder when 20 is divided by k.
9
Let w = 34 + -19. Let j = 103 - 59. Calculate the remainder when j is divided by w.
14
Suppose -16 - 69 = -3*i + s, -4 = -2*s. Calculate the remainder when 55 is divided b